ommon factor of t and 10.
5
Suppose -8*u + 10*u = 8. Suppose 4*n + 2*t = -2*t + 60, 0 = -u*t + 12. Calculate the greatest common divisor of n and 48.
12
Let s(y) = y**2 + y - 6. Let x = -4 - 2. Let f be s(x). Calculate the highest common divisor of f and 12.
12
Let l(b) = -b**2 - b + 2. Let n(u) = -u**2 - 2*u + 1. Let k(d) = 2*l(d) - 3*n(d). Let c be k(-5). Calculate the highest common divisor of 2 and c.
2
Suppose 4*p = 132 + 188. Calculate the highest common factor of p and 16.
16
Suppose f - 4 = 1. Let q = 3 + -1. Suppose o - 22 = -2*h + q*o, 3*h - f*o - 40 = 0. Calculate the greatest common factor of 90 and h.
10
Let u(l) = -l**2 - 3*l + 3. Let c be u(-3). Calculate the greatest common divisor of 33 and c.
3
Suppose 0 = -m - 3*r + 28, 37 + 31 = 3*m + 5*r. Calculate the highest common factor of 128 and m.
16
Let b be (-1 - (-2)/8)*-60. Suppose -2*o + 5*q = 3*o - b, -q - 21 = -2*o. Suppose -w + 13 = -5. Calculate the greatest common divisor of w and o.
6
Let m(o) = 5*o**2 + o. Let y be m(1). Suppose -2*s + y*s = 844. Let b = s + -75. Calculate the highest common factor of 17 and b.
17
Let j be (-8)/(-3)*9/2. Suppose -15 = -p - 2*q + j, 51 = 3*p - 4*q. Suppose -x + 7 = -4*y + 24, 3*y - 15 = 0. Calculate the greatest common factor of x and p.
3
Let c = -19 - -29. Suppose 3*i - 7*i = -5*k + 67, 23 = k + 4*i. Let l be (k/(-10))/(3/(-20)). Calculate the highest common factor of l and c.
10
Let z = 462 - 245. Calculate the highest common divisor of z and 31.
31
Let t(w) = -4*w + 3. Let l(k) = -12*k + 10. Let b(n) = -4*l(n) + 11*t(n). Let y be b(5). Let v = -9 + 35. Calculate the greatest common factor of y and v.
13
Let a = -98 - -120. Calculate the highest common divisor of 11 and a.
11
Let z be (-3)/9 + (-2)/3. Let o = z - -2. Calculate the highest common factor of o and 4.
1
Let a(s) = -3*s - 1. Let k be a(-9). Suppose -3*c = -4*c. Suppose -2*y = -c*y - 78. What is the greatest common factor of k and y?
13
Suppose -128 = -0*m - 4*m. Suppose 34 = 4*k - 30. What is the highest common factor of k and m?
16
Let s = 96 + -16. Let w(i) = i**3 + 5*i**2 - i - 4. Let j be w(-2). What is the greatest common divisor of s and j?
10
Let g be 132*(-2)/(-8)*2. What is the greatest common factor of 44 and g?
22
Let m = 20 - 13. Suppose -3*w + 3*b = -b - 31, -2*b + m = 3*w. What is the greatest common factor of 40 and w?
5
Suppose 2*l + 3 = 3*l. Suppose -l*a + j = -21, -a + 5*a - 3*j = 33. What is the greatest common divisor of 18 and a?
6
Suppose v = -3*s + 4, 3*v + 9 = -6. Let q be (-1 - -3) + s + 0. Let r be (q/1)/((-3)/(-6)). Calculate the highest common factor of r and 2.
2
Let w be 4/30 - 8/60. Let p(t) = -t**2 - t + 8. Let m be p(w). Calculate the highest common factor of 72 and m.
8
Let d(h) = -h**3 + 2*h**2 + 3*h + 3. Let q be d(-3). Calculate the greatest common divisor of 26 and q.
13
Let k(b) = 4*b**2 - 7*b + 3. Let u be k(7). Calculate the highest common divisor of 60 and u.
30
Suppose -3*u + 18 = 3*s, -2*s = 3*u - 7*u + 54. Let d = -58 - -135. What is the greatest common divisor of u and d?
11
Let u be 4*1/((-8)/(-10)). Let p = 1 - -7. Suppose -p*f + 11*f = 105. What is the greatest common factor of f and u?
5
Suppose 0 = p + 1 - 5, -2*f = p - 114. Let o be (5/(-2) + 1)*-2. Let q be o*2*55/15. What is the greatest common divisor of q and f?
11
Let y = 7 + 18. Suppose 0 = 5*n - y, 4*b - 3*n - 7 = -22. Suppose -2*x + 8 = -4*a + a, -x - 3*a + 4 = b. Calculate the highest common divisor of x and 6.
2
Suppose 5*r - 260 = 5*m, -4*r - 86 = 5*m + 156. Let j = 72 + m. Suppose 0 = -i + j + 4. What is the highest common divisor of i and 13?
13
Let d be (-6)/33 - (-158)/22. Suppose 0 = -2*h - 5*l - d, -h + 16 = -0*h - 4*l. Let j be 4/1 + -1 + 3. What is the highest common factor of j and h?
2
Let d(t) = t**3 + 4*t**2 - 11*t - 12. Let l be d(-8). Let g = -36 - l. What is the greatest common factor of 18 and g?
18
Suppose 3*q = -3*t + 13 + 8, 5*t + q = 19. Calculate the highest common factor of 15 and t.
3
Let i(p) = 2*p - 1. Let s be i(7). What is the highest common factor of 104 and s?
13
Let c(d) = -d**3 - d + 20. Let m be c(0). Suppose -17*o + 15 = -14*o. What is the highest common factor of o and m?
5
Suppose -3*k + 18 = 3*a, -k + 3*a = k + 3. Suppose -k*x + 30 = -x. Suppose -2*f + 13 = -x. Calculate the highest common factor of 98 and f.
14
Suppose -5*l + 10 = -65. What is the highest common divisor of l and 15?
15
Suppose 3*o = 5*b + 17 + 102, 40 = o - 2*b. Calculate the greatest common divisor of 95 and o.
19
Let a be 1/((-1 - 0)/6). Let b be a/15 - (-544)/10. What is the highest common divisor of 18 and b?
18
Let a = -1 + 14. Suppose f - 12 - 40 = 0. What is the greatest common factor of a and f?
13
Suppose 2 = -z - 1. Let q be (-26)/1*z/6. What is the highest common factor of q and 26?
13
Suppose -k + 27 = 2*k. Let w(t) = -t**3 - t**2 + 10*t - 5. Let u be w(-4). Calculate the highest common divisor of u and k.
3
Let m(u) = -u**3 + 8*u**2 + 9*u + 2. Let q be m(9). Suppose 3*z - 47 = 2*t, -2*z + 7*z - 105 = -q*t. What is the highest common factor of 152 and z?
19
Let h be -2*(-1 + 44/(-8)). Suppose 3*z - 133 = -h. What is the highest common divisor of 16 and z?
8
Let v = -27 + 14. Let c be 6/(-3)*(v - -1). Calculate the greatest common factor of 12 and c.
12
Let l(u) = 7*u**3 - 2*u + 2. Let j be l(1). Calculate the highest common factor of j and 63.
7
Let o(i) = -2*i**2 + 0*i**2 - 8*i + 13 + i**2. Let r be o(-9). Let a = r - 2. Calculate the highest common divisor of 2 and a.
2
Let q = -28 - -48. What is the greatest common factor of q and 2?
2
Let w(y) = -2*y - 1. Let n(d) = -d - 3. Let z be n(4). Let t be w(z). What is the highest common factor of 52 and t?
13
Suppose -5*v = -3*v - 42. Suppose -x + v = 5. What is the greatest common factor of x and 48?
16
Let i(x) = 2*x + 1. Let h be i(1). Suppose -34 = -4*u - k, 0 = 2*u - h*k + 7*k - 10. What is the greatest common divisor of 45 and u?
9
Let n be ((-28)/(-35))/((-1)/20). Let y be (-2)/5*40/n. Calculate the highest common factor of 1 and y.
1
Suppose -3*u - b + 63 - 13 = 0, 36 = 2*u + 2*b. Let q = -342 + 390. What is the highest common divisor of u and q?
16
Suppose -3*m - 3*o + 165 = 0, 3*o = -3*m + 4*o + 173. Calculate the highest common divisor of m and 19.
19
Suppose -2*o + 20 = 2*o. Suppose 3 = o*y - 17. Calculate the greatest common factor of 4 and y.
4
Let g = -11 + 12. What is the greatest common factor of g and 8?
1
Let f = 5 - 1. Suppose -17 = -a + 4*x, a - 5*x - 16 = f. What is the greatest common factor of 20 and a?
5
Suppose -b + 121 - 31 = 0. Suppose 4*l + l + 4*a + 55 = 0, 40 = -2*l + 2*a. Let n = 25 + l. What is the highest common factor of n and b?
10
Suppose 0 = -3*z + 52 + 179. Calculate the greatest common factor of 55 and z.
11
Let w(x) = -x + 12. Let m be w(7). Let q(f) = -40*f**3 + f**2 - 1. Let z be q(-1). What is the greatest common factor of m and z?
5
Let m(z) = 27*z**3 + 2*z**2 - z. Let l be m(1). Let q = -14 + l. What is the highest common divisor of 2 and q?
2
Let p = 199 + -187. Let w be (-2)/(-6) + (-179)/(-3). What is the greatest common divisor of p and w?
12
Suppose 1 = -g + 5. Let d be g/6 + 4/3. What is the highest common factor of 18 and d?
2
Let h be (6 + (-165)/10)*36/(-7). What is the greatest common factor of 81 and h?
27
Let k = 235 - -17. What is the highest common divisor of 42 and k?
42
Let l(d) = d**2 - 2*d + 13. Let q be l(11). What is the greatest common divisor of q and 16?
16
Let r(l) = -40*l + 1. Let p be r(-5). Let j = p + -136. Suppose 3*o - 26 = 2*o. What is the highest common divisor of o and j?
13
Suppose 56 + 24 = 4*f. What is the greatest common divisor of 8 and f?
4
Suppose -a + 2 + 0 = 0. Let y(q) = 30*q - 10. Let b(t) = -10*t + 3. Let f(n) = -10*b(n) - 3*y(n). Let m be f(a). What is the highest common divisor of 50 and m?
10
Let q be 6*(21/9 + -2). Suppose 4*u + 3 - 5 = -q*b, -34 = -4*b + 2*u. Calculate the greatest common divisor of 14 and b.
7
Let j(a) = -69*a - 10. Let r be j(-4). What is the highest common divisor of r and 19?
19
Let k(r) = -5*r - 9. Let u be k(-3). Let y(c) = c - 1. Let v be y(4). Calculate the highest common factor of v and u.
3
Let d(j) = -j + 3. Let v be d(-9). Suppose 0*u + 2*u + 20 = -5*q, 4*u + 3*q = -v. Let